.
3
Let i be (62/8)/((-1)/(-4)). Let u = -19 + i. Let w be (22 + -4)*(-1 + 2). Calculate the greatest common divisor of w and u.
6
Let n(c) = 36*c - 20. Let i(l) = -l - 1. Let r(s) = 16*i(s) - n(s). Let z be r(-3). Suppose 2*o = -0*o + z. Calculate the greatest common factor of o and 10.
10
Suppose 5*t - 177 = -2*f, -2*t + 2*f - 46 = -114. What is the greatest common divisor of t and 385?
35
Let f = 35 - 2. What is the greatest common factor of f and 3?
3
Let n be 3/(-2) - 168/(-16). What is the greatest common divisor of 18 and n?
9
Let r be (-1)/(-1 - (-60)/64). Calculate the greatest common factor of 2 and r.
2
Suppose -5*d = -4*d. Let z be (-5 + d)*(2 + -1). Let v be ((-4)/z)/((-3)/(-15)). What is the greatest common factor of 36 and v?
4
Let u(k) = -k**3 + 11*k**2 - 9*k - 12. Let i be u(10). Let r be (i - 2)*5/(-2). What is the greatest common divisor of 30 and r?
10
Let x(b) = b**2 + 4*b - 3. Let r be x(-4). Let h = r - -11. Calculate the greatest common factor of 8 and h.
8
Let d(c) = -3*c. Suppose 0 = -3*m - 2 - 1. Let z be d(m). Suppose -2*j = 3*u - 45, -2*u = -u - z*j - 15. What is the highest common factor of 15 and u?
15
Let m(u) = u**2 + 5*u - 6. Let n be m(6). What is the greatest common divisor of 20 and n?
20
Suppose z - 272 = -z. Let y = 246 - z. Calculate the greatest common factor of y and 10.
10
Let v = 30 + -21. Let r be 245/15 + 6/v. What is the highest common factor of 187 and r?
17
Suppose 0*v - 3*v = 3*r - 51, 0 = -2*v - r + 39. Calculate the highest common factor of 176 and v.
22
Let d be (90/(-21))/((-1)/7). Calculate the greatest common factor of d and 12.
6
Let d be (4 - 3)*(2 + -1). What is the greatest common factor of 2 and d?
1
Let u(d) = d**2 + 5*d - 11. Let m be u(-7). Suppose 2*x - 1 = 11. Suppose p = -4*h + m*p + 2, 3*h + x = 3*p. Calculate the highest common factor of 27 and h.
3
Let s be ((-14)/(-8))/((-5)/(-40)) - 2. What is the highest common divisor of s and 132?
12
Let n(p) = -p**3 + 5*p**2 + 6*p + 14. Let r be n(6). What is the greatest common factor of 98 and r?
14
Let b(j) = j**3 + 9*j**2 + 7*j + 1. Let g be b(-8). Suppose 0 = -2*a - 3*k + 159, -3*a + 0*k = -3*k - 201. Calculate the highest common factor of g and a.
9
Let j(o) = -12*o + 4. Let x = -12 + 9. Let m be j(x). Let z = 29 - 13. Calculate the highest common divisor of z and m.
8
Suppose 4*b = 8*b - 3*l - 105, -l = 4*b - 125. Let r = 0 + b. Calculate the greatest common divisor of 45 and r.
15
Let h(x) = 23*x + 9 - 9 + 22*x. Let o be h(3). What is the highest common factor of 15 and o?
15
Let t(b) = -39*b + 17. Let v be t(-12). Suppose -l - 4*i + 174 = -65, i - v = -2*l. Calculate the highest common factor of 27 and l.
27
Let d = -3 - -6. Suppose -y + 3*b + b = 11, 3*b = d*y - 12. Suppose 5*g - 2*g = y. Calculate the highest common divisor of g and 12.
3
Let s(r) be the first derivative of 2*r**3/3 - 2*r**2 - r + 4. Let j be s(-4). Let b = j + -27. Calculate the highest common divisor of b and 10.
10
Let g be 30/25*50/3. What is the greatest common divisor of g and 220?
20
Let j = -102 + 145. Let x = j + 3. Suppose 17 = 3*q - x. Calculate the highest common divisor of 84 and q.
21
Let q be (-4)/(-3 + 312/105). Suppose -4*w + q = w. What is the greatest common divisor of w and 4?
4
Suppose -4*k + 2*k - 40 = 5*x, -30 = 5*x + 4*k. Let c = 13 + x. Calculate the greatest common factor of 12 and c.
3
Let l(h) = h**3 - 4*h**2 + 4*h - 3. Let x be l(3). Suppose x = 3*d - 4 + 49. Let v = 0 - d. What is the greatest common divisor of v and 120?
15
Let r be 5/(20/104) - 0. Calculate the highest common factor of r and 65.
13
Let y = -1 + 3. Suppose 0*s - 2*s + y*c - 12 = 0, -s + 3*c = 14. Let n be 27/5 - s/(-5). What is the greatest common factor of n and 45?
5
Let h(j) = j**2 - j - 2. Let d be h(7). Suppose -5*x = -d - 40. Calculate the greatest common factor of x and 80.
16
Let l(v) = 1 + 43*v - 18*v - 2. Let n be 1/((-5)/(-10))*(-2)/(-4). Let u be l(n). Calculate the highest common divisor of 60 and u.
12
Suppose 17*v = 14*v + 6. What is the highest common factor of 8 and v?
2
Suppose 2*p - 102 = -3*f, 3*p - 3*f = 2*f + 115. Suppose -7*l = -4*l - p. What is the highest common factor of 165 and l?
15
Let u(q) = q**3 + 5*q + 65. Let a be u(0). Let m = 6 - -20. Calculate the highest common divisor of m and a.
13
Suppose 34 = 2*g + 4*i, 0*i = 4*g + 3*i - 78. What is the greatest common factor of 3 and g?
3
Let o(x) be the first derivative of -31*x**2/2 + x + 7. Let u be o(-5). What is the highest common factor of 26 and u?
26
Suppose -4*g + g + 9 = 0. Suppose -8 = -0*n + 4*n. Let y be (-2)/(n*g/24). Calculate the greatest common factor of y and 24.
8
Suppose 5*s - 45 = -5*l, -3*s - 4*l + 41 = 2*s. Let n(z) = z + 5. Let w be n(0). Let v be -3*(-2 - -1)*w. Calculate the greatest common factor of v and s.
5
Suppose -3*d + 443 = g, 0*g - 3*g + 300 = 2*d. Calculate the greatest common factor of 98 and d.
49
Suppose -g - 8 = -5*g - 4*h, 2*h + 11 = 3*g. Suppose g*n = -0*n + 27. Calculate the highest common factor of 9 and n.
9
Let m be 8/12 + (-4)/6. Suppose -2*z - z + 300 = m. Calculate the highest common divisor of z and 20.
20
Let c = 7 + -5. What is the highest common divisor of 14 and c?
2
Let q be ((-30)/75)/(2/(-40)). Calculate the highest common factor of 4 and q.
4
Let m = -11 - -42. What is the greatest common divisor of 217 and m?
31
Suppose -2*l - 10 = -b + 6*b, -2*b - 28 = -4*l. Let i be 4/(-22) - (-342)/66. What is the greatest common divisor of l and i?
5
Let n(l) = 5 + 0 - l - 1. Let h be n(5). Let k be -2*(h + 33/(-6)). Calculate the greatest common divisor of k and 39.
13
Let h(k) = k**3 - 6*k**2 - 2*k + 7. Suppose 0*x + 14 = 2*x. Let w be h(x). Calculate the highest common factor of 6 and w.
6
Let n = 7 - 4. Suppose 0 = -n*j + 2 + 34. Suppose -b + 2 = -94. Calculate the highest common factor of b and j.
12
Let x = 175 + -97. Suppose -2*g + x - 12 = 0. What is the highest common divisor of 22 and g?
11
Let u(f) = 9*f - 4. Let z = -23 - -29. Let o be u(z). What is the greatest common divisor of 20 and o?
10
Let m = 19 - 8. What is the highest common factor of 121 and m?
11
Let d(z) = -z**2 + 20*z - 23. Let r be d(18). What is the highest common divisor of r and 169?
13
Suppose 4 = -4*b, 2*d - b = -3*d + 271. What is the greatest common factor of d and 81?
27
Let b = 106 + -61. Let d(s) be the first derivative of s**4/4 - 2*s**3 - 5*s**2/2 - 5*s - 2. Let a be d(7). What is the greatest common factor of a and b?
9
Let l be 1/3 - (-51)/9. Suppose l = -5*g + 1. Let d be g*(1 - 142/2). Calculate the greatest common factor of d and 10.
10
Suppose 3*x + 4*i = 3*i + 31, -2*x + 38 = 5*i. Calculate the greatest common factor of 63 and x.
9
Let p(j) = j**3 + j**2 - 3*j - 1. Suppose -w + 4 = 6. Let t be p(w). Calculate the highest common factor of t and 8.
1
Suppose 0 = -2*z - 14 - 6. Let q = z - -16. Suppose -2 = j - q, -3*x - 2*j = -32. What is the greatest common divisor of x and 40?
8
Suppose -2*k = 4*g - 17 + 103, g = 4*k + 181. Let s = k - -68. Suppose r = 4*l + 4*r - s, -3*l + 4*r = -36. What is the highest common factor of 40 and l?
8
Let p(q) = 2*q + 6. Let w be p(-7). Let f(h) = -2*h**2 + h**2 + 4 - 3 - 10*h. Let l be f(w). Calculate the greatest common factor of 17 and l.
17
Suppose w - 11 = 5*j + 4*w, 19 = -4*j + w. Let m be j/4*(-1)/(-1). Let b be (-1)/(m/(-48)*-2). Calculate the highest common divisor of b and 60.
12
Suppose 0 = -14*v + 16*v - 142. Let r = v - 46. What is the greatest common divisor of 5 and r?
5
Suppose -2*k - 6*l + 2*l - 2 = 0, 4*k - 26 = -2*l. Suppose 7*y = 5*y - 6. Let s = y + k. What is the greatest common factor of 66 and s?
6
Let q(f) = -5*f**3 + 2*f**2 + f - 2. Let o be q(-2). Calculate the greatest common divisor of o and 22.
22
Suppose b + 3*a + 1 = -a, -5*b = -3*a - 18. Suppose -80 = -b*q - q. Suppose -q = -c - 0*c. What is the greatest common factor of c and 4?
4
Let n = 26 + 47. Let w be n*1 + 5 + -3. What is the greatest common divisor of 15 and w?
15
Let d(z) = z**2 + 10*z - 8. Let t be d(-6). Let m = t - -120. What is the greatest common factor of m and 11?
11
Let c(r) = r**2 + 10*r - 8. Let x be c(-11). Calculate the highest common divisor of 24 and x.
3
Suppose -33 = 3*n - 57. What is the greatest commo